  
{"id":17305,"date":"2024-10-30T14:01:53","date_gmt":"2024-10-30T18:01:53","guid":{"rendered":"https:\/\/www.swlauriersb.qc.ca\/?page_id=17305"},"modified":"2024-10-30T14:22:51","modified_gmt":"2024-10-30T18:22:51","slug":"equite-diversite-et-inclusion-a-la-csswl","status":"publish","type":"page","link":"https:\/\/www.swlauriersb.qc.ca\/fr\/familles\/equite-diversite-et-inclusion-a-la-csswl\/","title":{"rendered":"\u00c9quit\u00e9, diversite et inclusion \u00e0 la CSSWL"},"content":{"rendered":"","protected":false},"excerpt":{"rendered":"","protected":false},"author":9,"featured_media":17274,"parent":3146,"menu_order":0,"comment_status":"closed","ping_status":"closed","template":"","meta":{"_acf_changed":false,"_uf_show_specific_survey":0,"_uf_disable_surveys":false,"footnotes":""},"class_list":["post-17305","page","type-page","status-publish","has-post-thumbnail","hentry"],"acf":[],"yoast_head":"<!-- This site is optimized with the Yoast SEO plugin v27.0 - https:\/\/yoast.com\/product\/yoast-seo-wordpress\/ -->\n<title>\u00c9quit\u00e9, diversite et inclusion \u00e0 la CSSWL - Sir-Wilfrid-Laurier<\/title>\n<meta name=\"robots\" content=\"index, follow, max-snippet:-1, max-image-preview:large, max-video-preview:-1\" \/>\n<link rel=\"canonical\" href=\"https:\/\/www.swlauriersb.qc.ca\/fr\/familles\/equite-diversite-et-inclusion-a-la-csswl\/\" \/>\n<meta property=\"og:locale\" content=\"fr_FR\" \/>\n<meta property=\"og:type\" content=\"article\" \/>\n<meta property=\"og:title\" content=\"\u00c9quit\u00e9, diversite et inclusion \u00e0 la CSSWL - Sir-Wilfrid-Laurier\" \/>\n<meta property=\"og:url\" content=\"https:\/\/www.swlauriersb.qc.ca\/fr\/familles\/equite-diversite-et-inclusion-a-la-csswl\/\" \/>\n<meta property=\"og:site_name\" content=\"Sir-Wilfrid-Laurier\" \/>\n<meta property=\"article:publisher\" content=\"https:\/\/www.facebook.com\/91Ì½»¨app\" \/>\n<meta property=\"article:modified_time\" content=\"2024-10-30T18:22:51+00:00\" \/>\n<meta property=\"og:image\" content=\"https:\/\/www.swlauriersb.qc.ca\/wp-content\/uploads\/2024\/10\/edi-at-swlsb-1-e1730311154175.jpg\" \/>\n\t<meta property=\"og:image:width\" content=\"290\" \/>\n\t<meta property=\"og:image:height\" content=\"219\" \/>\n\t<meta property=\"og:image:type\" content=\"image\/jpeg\" \/>\n<meta name=\"twitter:card\" content=\"summary_large_image\" \/>\n<meta name=\"twitter:label1\" content=\"Dur\u00e9e de lecture estim\u00e9e\" \/>\n\t<meta name=\"twitter:data1\" content=\"1 minute\" \/>\n<script type=\"application\/ld+json\" class=\"yoast-schema-graph\">{\"@context\":\"https:\/\/schema.org\",\"@graph\":[{\"@type\":\"WebPage\",\"@id\":\"https:\/\/www.swlauriersb.qc.ca\/fr\/familles\/equite-diversite-et-inclusion-a-la-csswl\/\",\"url\":\"https:\/\/www.swlauriersb.qc.ca\/fr\/familles\/equite-diversite-et-inclusion-a-la-csswl\/\",\"name\":\"\u00c9quit\u00e9, diversite et inclusion \u00e0 la CSSWL - Sir-Wilfrid-Laurier\",\"isPartOf\":{\"@id\":\"https:\/\/www.swlauriersb.qc.ca\/fr\/#website\"},\"primaryImageOfPage\":{\"@id\":\"https:\/\/www.swlauriersb.qc.ca\/fr\/familles\/equite-diversite-et-inclusion-a-la-csswl\/#primaryimage\"},\"image\":{\"@id\":\"https:\/\/www.swlauriersb.qc.ca\/fr\/familles\/equite-diversite-et-inclusion-a-la-csswl\/#primaryimage\"},\"thumbnailUrl\":\"https:\/\/www.swlauriersb.qc.ca\/wp-content\/uploads\/2024\/10\/edi-at-swlsb-1-e1730311154175.jpg\",\"datePublished\":\"2024-10-30T18:01:53+00:00\",\"dateModified\":\"2024-10-30T18:22:51+00:00\",\"breadcrumb\":{\"@id\":\"https:\/\/www.swlauriersb.qc.ca\/fr\/familles\/equite-diversite-et-inclusion-a-la-csswl\/#breadcrumb\"},\"inLanguage\":\"fr-FR\",\"potentialAction\":[{\"@type\":\"ReadAction\",\"target\":[\"https:\/\/www.swlauriersb.qc.ca\/fr\/familles\/equite-diversite-et-inclusion-a-la-csswl\/\"]}]},{\"@type\":\"ImageObject\",\"inLanguage\":\"fr-FR\",\"@id\":\"https:\/\/www.swlauriersb.qc.ca\/fr\/familles\/equite-diversite-et-inclusion-a-la-csswl\/#primaryimage\",\"url\":\"https:\/\/www.swlauriersb.qc.ca\/wp-content\/uploads\/2024\/10\/edi-at-swlsb-1-e1730311154175.jpg\",\"contentUrl\":\"https:\/\/www.swlauriersb.qc.ca\/wp-content\/uploads\/2024\/10\/edi-at-swlsb-1-e1730311154175.jpg\",\"width\":290,\"height\":219},{\"@type\":\"BreadcrumbList\",\"@id\":\"https:\/\/www.swlauriersb.qc.ca\/fr\/familles\/equite-diversite-et-inclusion-a-la-csswl\/#breadcrumb\",\"itemListElement\":[{\"@type\":\"ListItem\",\"position\":1,\"name\":\"\",\"item\":\"https:\/\/www.swlauriersb.qc.ca\/fr\/\"},{\"@type\":\"ListItem\",\"position\":2,\"name\":\"Familles\",\"item\":\"https:\/\/www.swlauriersb.qc.ca\/fr\/familles\/\"},{\"@type\":\"ListItem\",\"position\":3,\"name\":\"\u00c9quit\u00e9, diversite et inclusion \u00e0 la CSSWL\"}]},{\"@type\":\"WebSite\",\"@id\":\"https:\/\/www.swlauriersb.qc.ca\/fr\/#website\",\"url\":\"https:\/\/www.swlauriersb.qc.ca\/fr\/\",\"name\":\"Sir-Wilfrid-Laurier School Board\",\"description\":\"Quebec English School board serving regions of Laval, Laurentides and Lanaudi\u00e8re\",\"publisher\":{\"@id\":\"https:\/\/www.swlauriersb.qc.ca\/fr\/#organization\"},\"potentialAction\":[{\"@type\":\"SearchAction\",\"target\":{\"@type\":\"EntryPoint\",\"urlTemplate\":\"https:\/\/www.swlauriersb.qc.ca\/fr\/?s={search_term_string}\"},\"query-input\":{\"@type\":\"PropertyValueSpecification\",\"valueRequired\":true,\"valueName\":\"search_term_string\"}}],\"inLanguage\":\"fr-FR\"},{\"@type\":\"Organization\",\"@id\":\"https:\/\/www.swlauriersb.qc.ca\/fr\/#organization\",\"name\":\"Sir-Wilfrid-Laurier\",\"url\":\"https:\/\/www.swlauriersb.qc.ca\/fr\/\",\"logo\":{\"@type\":\"ImageObject\",\"inLanguage\":\"fr-FR\",\"@id\":\"https:\/\/www.swlauriersb.qc.ca\/fr\/#\/schema\/logo\/image\/\",\"url\":\"https:\/\/www.swlauriersb.qc.ca\/wp-content\/uploads\/2024\/08\/128x128-logo.jpg\",\"contentUrl\":\"https:\/\/www.swlauriersb.qc.ca\/wp-content\/uploads\/2024\/08\/128x128-logo.jpg\",\"width\":356,\"height\":356,\"caption\":\"Sir-Wilfrid-Laurier\"},\"image\":{\"@id\":\"https:\/\/www.swlauriersb.qc.ca\/fr\/#\/schema\/logo\/image\/\"},\"sameAs\":[\"https:\/\/www.facebook.com\/91Ì½»¨app\"]}]}<\/script>\n<!-- \/ Yoast SEO plugin. -->","yoast_head_json":{"title":"\u00c9quit\u00e9, diversite et inclusion \u00e0 la CSSWL - Sir-Wilfrid-Laurier","robots":{"index":"index","follow":"follow","max-snippet":"max-snippet:-1","max-image-preview":"max-image-preview:large","max-video-preview":"max-video-preview:-1"},"canonical":"https:\/\/www.swlauriersb.qc.ca\/fr\/familles\/equite-diversite-et-inclusion-a-la-csswl\/","og_locale":"fr_FR","og_type":"article","og_title":"\u00c9quit\u00e9, diversite et inclusion \u00e0 la CSSWL - Sir-Wilfrid-Laurier","og_url":"https:\/\/www.swlauriersb.qc.ca\/fr\/familles\/equite-diversite-et-inclusion-a-la-csswl\/","og_site_name":"Sir-Wilfrid-Laurier","article_publisher":"https:\/\/www.facebook.com\/91Ì½»¨app","article_modified_time":"2024-10-30T18:22:51+00:00","og_image":[{"width":290,"height":219,"url":"https:\/\/www.swlauriersb.qc.ca\/wp-content\/uploads\/2024\/10\/edi-at-swlsb-1-e1730311154175.jpg","type":"image\/jpeg"}],"twitter_card":"summary_large_image","twitter_misc":{"Dur\u00e9e de lecture estim\u00e9e":"1 minute"},"schema":{"@context":"https:\/\/schema.org","@graph":[{"@type":"WebPage","@id":"https:\/\/www.swlauriersb.qc.ca\/fr\/familles\/equite-diversite-et-inclusion-a-la-csswl\/","url":"https:\/\/www.swlauriersb.qc.ca\/fr\/familles\/equite-diversite-et-inclusion-a-la-csswl\/","name":"\u00c9quit\u00e9, diversite et inclusion \u00e0 la CSSWL - Sir-Wilfrid-Laurier","isPartOf":{"@id":"https:\/\/www.swlauriersb.qc.ca\/fr\/#website"},"primaryImageOfPage":{"@id":"https:\/\/www.swlauriersb.qc.ca\/fr\/familles\/equite-diversite-et-inclusion-a-la-csswl\/#primaryimage"},"image":{"@id":"https:\/\/www.swlauriersb.qc.ca\/fr\/familles\/equite-diversite-et-inclusion-a-la-csswl\/#primaryimage"},"thumbnailUrl":"https:\/\/www.swlauriersb.qc.ca\/wp-content\/uploads\/2024\/10\/edi-at-swlsb-1-e1730311154175.jpg","datePublished":"2024-10-30T18:01:53+00:00","dateModified":"2024-10-30T18:22:51+00:00","breadcrumb":{"@id":"https:\/\/www.swlauriersb.qc.ca\/fr\/familles\/equite-diversite-et-inclusion-a-la-csswl\/#breadcrumb"},"inLanguage":"fr-FR","potentialAction":[{"@type":"ReadAction","target":["https:\/\/www.swlauriersb.qc.ca\/fr\/familles\/equite-diversite-et-inclusion-a-la-csswl\/"]}]},{"@type":"ImageObject","inLanguage":"fr-FR","@id":"https:\/\/www.swlauriersb.qc.ca\/fr\/familles\/equite-diversite-et-inclusion-a-la-csswl\/#primaryimage","url":"https:\/\/www.swlauriersb.qc.ca\/wp-content\/uploads\/2024\/10\/edi-at-swlsb-1-e1730311154175.jpg","contentUrl":"https:\/\/www.swlauriersb.qc.ca\/wp-content\/uploads\/2024\/10\/edi-at-swlsb-1-e1730311154175.jpg","width":290,"height":219},{"@type":"BreadcrumbList","@id":"https:\/\/www.swlauriersb.qc.ca\/fr\/familles\/equite-diversite-et-inclusion-a-la-csswl\/#breadcrumb","itemListElement":[{"@type":"ListItem","position":1,"name":"","item":"https:\/\/www.swlauriersb.qc.ca\/fr\/"},{"@type":"ListItem","position":2,"name":"Familles","item":"https:\/\/www.swlauriersb.qc.ca\/fr\/familles\/"},{"@type":"ListItem","position":3,"name":"\u00c9quit\u00e9, diversite et inclusion \u00e0 la CSSWL"}]},{"@type":"WebSite","@id":"https:\/\/www.swlauriersb.qc.ca\/fr\/#website","url":"https:\/\/www.swlauriersb.qc.ca\/fr\/","name":"Sir-Wilfrid-Laurier School Board","description":"Quebec English School board serving regions of Laval, Laurentides and Lanaudi\u00e8re","publisher":{"@id":"https:\/\/www.swlauriersb.qc.ca\/fr\/#organization"},"potentialAction":[{"@type":"SearchAction","target":{"@type":"EntryPoint","urlTemplate":"https:\/\/www.swlauriersb.qc.ca\/fr\/?s={search_term_string}"},"query-input":{"@type":"PropertyValueSpecification","valueRequired":true,"valueName":"search_term_string"}}],"inLanguage":"fr-FR"},{"@type":"Organization","@id":"https:\/\/www.swlauriersb.qc.ca\/fr\/#organization","name":"Sir-Wilfrid-Laurier","url":"https:\/\/www.swlauriersb.qc.ca\/fr\/","logo":{"@type":"ImageObject","inLanguage":"fr-FR","@id":"https:\/\/www.swlauriersb.qc.ca\/fr\/#\/schema\/logo\/image\/","url":"https:\/\/www.swlauriersb.qc.ca\/wp-content\/uploads\/2024\/08\/128x128-logo.jpg","contentUrl":"https:\/\/www.swlauriersb.qc.ca\/wp-content\/uploads\/2024\/08\/128x128-logo.jpg","width":356,"height":356,"caption":"Sir-Wilfrid-Laurier"},"image":{"@id":"https:\/\/www.swlauriersb.qc.ca\/fr\/#\/schema\/logo\/image\/"},"sameAs":["https:\/\/www.facebook.com\/91Ì½»¨app"]}]}},"_links":{"self":[{"href":"https:\/\/www.swlauriersb.qc.ca\/fr\/wp-json\/wp\/v2\/pages\/17305","targetHints":{"allow":["GET"]}}],"collection":[{"href":"https:\/\/www.swlauriersb.qc.ca\/fr\/wp-json\/wp\/v2\/pages"}],"about":[{"href":"https:\/\/www.swlauriersb.qc.ca\/fr\/wp-json\/wp\/v2\/types\/page"}],"author":[{"embeddable":true,"href":"https:\/\/www.swlauriersb.qc.ca\/fr\/wp-json\/wp\/v2\/users\/9"}],"replies":[{"embeddable":true,"href":"https:\/\/www.swlauriersb.qc.ca\/fr\/wp-json\/wp\/v2\/comments?post=17305"}],"version-history":[{"count":2,"href":"https:\/\/www.swlauriersb.qc.ca\/fr\/wp-json\/wp\/v2\/pages\/17305\/revisions"}],"predecessor-version":[{"id":17312,"href":"https:\/\/www.swlauriersb.qc.ca\/fr\/wp-json\/wp\/v2\/pages\/17305\/revisions\/17312"}],"up":[{"embeddable":true,"href":"https:\/\/www.swlauriersb.qc.ca\/fr\/wp-json\/wp\/v2\/pages\/3146"}],"wp:featuredmedia":[{"embeddable":true,"href":"https:\/\/www.swlauriersb.qc.ca\/fr\/wp-json\/wp\/v2\/media\/17274"}],"wp:attachment":[{"href":"https:\/\/www.swlauriersb.qc.ca\/fr\/wp-json\/wp\/v2\/media?parent=17305"}],"curies":[{"name":"wp","href":"https:\/\/api.w.org\/{rel}","templated":true}]}}

Équité, diversite et inclusion à la CSSWL

<!-- This site is optimized with the Yoast SEO plugin v27.0 - https://yoast.com/product/yoast-seo-wordpress/ -->
<title>Équité, diversite et inclusion à la CSSWL - Sir-Wilfrid-Laurier</title>
<meta name="robots" content="index, follow, max-snippet:-1, max-image-preview:large, max-video-preview:-1" />
<link rel="canonical" href="https://www.swlauriersb.qc.ca/fr/familles/equite-diversite-et-inclusion-a-la-csswl/" />
<meta property="og:locale" content="fr_FR" />
<meta property="og:type" content="article" />
<meta property="og:title" content="Équité, diversite et inclusion à la CSSWL - Sir-Wilfrid-Laurier" />
<meta property="og:url" content="https://www.swlauriersb.qc.ca/fr/familles/equite-diversite-et-inclusion-a-la-csswl/" />
<meta property="og:site_name" content="Sir-Wilfrid-Laurier" />
<meta property="article:publisher" content="https://www.facebook.com/91Ì½»¨app" />
<meta property="article:modified_time" content="2024-10-30T18:22:51+00:00" />
<meta property="og:image" content="https://www.swlauriersb.qc.ca/wp-content/uploads/2024/10/edi-at-swlsb-1-e1730311154175.jpg" />
	<meta property="og:image:width" content="290" />
	<meta property="og:image:height" content="219" />
	<meta property="og:image:type" content="image/jpeg" />
<meta name="twitter:card" content="summary_large_image" />
<meta name="twitter:label1" content="Durée de lecture estimée" />
	<meta name="twitter:data1" content="1 minute" />
<script type="application/ld+json" class="yoast-schema-graph">{"@context":"https://schema.org","@graph":[{"@type":"WebPage","@id":"https://www.swlauriersb.qc.ca/fr/familles/equite-diversite-et-inclusion-a-la-csswl/","url":"https://www.swlauriersb.qc.ca/fr/familles/equite-diversite-et-inclusion-a-la-csswl/","name":"Équité, diversite et inclusion à la CSSWL - Sir-Wilfrid-Laurier","isPartOf":{"@id":"https://www.swlauriersb.qc.ca/fr/#website"},"primaryImageOfPage":{"@id":"https://www.swlauriersb.qc.ca/fr/familles/equite-diversite-et-inclusion-a-la-csswl/#primaryimage"},"image":{"@id":"https://www.swlauriersb.qc.ca/fr/familles/equite-diversite-et-inclusion-a-la-csswl/#primaryimage"},"thumbnailUrl":"https://www.swlauriersb.qc.ca/wp-content/uploads/2024/10/edi-at-swlsb-1-e1730311154175.jpg","datePublished":"2024-10-30T18:01:53+00:00","dateModified":"2024-10-30T18:22:51+00:00","breadcrumb":{"@id":"https://www.swlauriersb.qc.ca/fr/familles/equite-diversite-et-inclusion-a-la-csswl/#breadcrumb"},"inLanguage":"fr-FR","potentialAction":[{"@type":"ReadAction","target":["https://www.swlauriersb.qc.ca/fr/familles/equite-diversite-et-inclusion-a-la-csswl/"]}]},{"@type":"ImageObject","inLanguage":"fr-FR","@id":"https://www.swlauriersb.qc.ca/fr/familles/equite-diversite-et-inclusion-a-la-csswl/#primaryimage","url":"https://www.swlauriersb.qc.ca/wp-content/uploads/2024/10/edi-at-swlsb-1-e1730311154175.jpg","contentUrl":"https://www.swlauriersb.qc.ca/wp-content/uploads/2024/10/edi-at-swlsb-1-e1730311154175.jpg","width":290,"height":219},{"@type":"BreadcrumbList","@id":"https://www.swlauriersb.qc.ca/fr/familles/equite-diversite-et-inclusion-a-la-csswl/#breadcrumb","itemListElement":[{"@type":"ListItem","position":1,"name":"","item":"https://www.swlauriersb.qc.ca/fr/"},{"@type":"ListItem","position":2,"name":"Familles","item":"https://www.swlauriersb.qc.ca/fr/familles/"},{"@type":"ListItem","position":3,"name":"Équité, diversite et inclusion à la CSSWL"}]},{"@type":"WebSite","@id":"https://www.swlauriersb.qc.ca/fr/#website","url":"https://www.swlauriersb.qc.ca/fr/","name":"Sir-Wilfrid-Laurier School Board","description":"Quebec English School board serving regions of Laval, Laurentides and Lanaudière","publisher":{"@id":"https://www.swlauriersb.qc.ca/fr/#organization"},"potentialAction":[{"@type":"SearchAction","target":{"@type":"EntryPoint","urlTemplate":"https://www.swlauriersb.qc.ca/fr/?s={search_term_string}"},"query-input":{"@type":"PropertyValueSpecification","valueRequired":true,"valueName":"search_term_string"}}],"inLanguage":"fr-FR"},{"@type":"Organization","@id":"https://www.swlauriersb.qc.ca/fr/#organization","name":"Sir-Wilfrid-Laurier","url":"https://www.swlauriersb.qc.ca/fr/","logo":{"@type":"ImageObject","inLanguage":"fr-FR","@id":"https://www.swlauriersb.qc.ca/fr/#/schema/logo/image/","url":"https://www.swlauriersb.qc.ca/wp-content/uploads/2024/08/128x128-logo.jpg","contentUrl":"https://www.swlauriersb.qc.ca/wp-content/uploads/2024/08/128x128-logo.jpg","width":356,"height":356,"caption":"Sir-Wilfrid-Laurier"},"image":{"@id":"https://www.swlauriersb.qc.ca/fr/#/schema/logo/image/"},"sameAs":["https://www.facebook.com/91Ì½»¨app"]}]}</script>
<!-- / Yoast SEO plugin. -->

Équité, diversite et inclusion à la CSSWL - Sir-Wilfrid-Laurier

https://www.facebook.com/91Ì½»¨app

Quebec English School board serving regions of Laval, Laurentides and Lanaudière
